56094167 a prime number?
True
Is 3297480899 a composite number?
True
Is 2166513173 prime?
False
Is 10755832097 prime?
True
Is 3377800655 a composite number?
True
Is 1221988315 a prime number?
False
Is 127071996761 a prime number?
False
Is 1453665029 composite?
True
Is 61315984459 composite?
False
Is 12353411611 composite?
False
Is 546811297 a composite number?
True
Is 1769821909 a prime number?
True
Is 33841007327 a composite number?
False
Is 28852041553 composite?
True
Is 269457169 a prime number?
True
Is 1665248159 composite?
True
Is 878596289 prime?
True
Is 2058237382 a composite number?
True
Is 32669202149 a prime number?
True
Is 3171505813 a composite number?
True
Is 2074697659 prime?
False
Is 76304333 composite?
True
Is 7305136843 a prime number?
True
Is 764807633 a composite number?
True
Is 849806173 a composite number?
False
Is 1661039381 composite?
False
Is 20608735009 composite?
False
Is 19217362253 a prime number?
False
Is 97605899 a composite number?
False
Is 227759957 a composite number?
True
Is 7857993167 composite?
False
Is 10337660701 composite?
False
Is 6102022193 prime?
False
Is 415889303 a prime number?
True
Is 3647180941 a prime number?
False
Is 35064015377 prime?
True
Is 3335943547 prime?
True
Is 2292873859 a prime number?
True
Is 103099163 a prime number?
True
Is 10045337737 a composite number?
False
Is 847498033 prime?
True
Is 748931353 a prime number?
True
Is 13429919977 a composite number?
False
Is 1231191961 a composite number?
True
Is 9270101543 a prime number?
False
Is 1823723663 prime?
True
Is 47385737479 prime?
False
Is 533631941 a composite number?
False
Is 240818371813 a composite number?
False
Is 3023621771 a composite number?
True
Is 246760117 composite?
True
Is 1605971291 a prime number?
True
Is 367866277 a composite number?
True
Is 2866160723 composite?
False
Is 85940565877 a prime number?
True
Is 1511282579 prime?
True
Is 1341196789 a prime number?
False
Is 17534504269 prime?
True
Is 1002722197 composite?
False
Is 29337324829 prime?
False
Is 5024215127 a prime number?
True
Is 5004464033 a prime number?
True
Is 2816725715 prime?
False
Is 26466044231 prime?
False
Is 4528269821 composite?
True
Is 15254515639 a prime number?
False
Is 213251447 composite?
False
Is 3438892033 composite?
False
Is 5171385463 composite?
True
Is 11767857911 a composite number?
False
Is 677100089 a prime number?
False
Is 1294312178 prime?
False
Is 955321441 composite?
False
Is 22433927543 a composite number?
False
Is 210146117959 a prime number?
True
Is 328013633 a composite number?
True
Is 54791711533 composite?
True
Is 162189202883 a prime number?
True
Is 1053138601 a prime number?
True
Is 56341568603 composite?
True
Is 24687914969 composite?
True
Is 1254763087 a prime number?
True
Is 3256503113 a composite number?
False
Is 5902015573 a prime number?
True
Is 33885685 prime?
False
Is 262667849 a composite number?
False
Is 72588029 prime?
True
Is 7661938667 composite?
False
Is 172922995307 a composite number?
True
Is 26098327 prime?
True
Is 3104418913 a composite number?
False
Is 5067198853 composite?
False
Is 24686333 a prime number?
False
Is 418651631 composite?
False
Is 944574629 a prime number?
True
Is 1797699913 prime?
True
Is 373435603 prime?
False
Is 1158358837 composite?
False
Is 14294561429 a prime number?
False
Is 40380575849 prime?
True
Is 1433733527 prime?
True
Is 16723676797 prime?
True
Is 91299791 prime?
False
Is 29387575493 composite?
False
Is 402344281 composite?
False
Is 48558704578 composite?
True
Is 650013711 a prime number?
False
Is 5572229263 prime?
False
Is 11314157011 prime?
False
Is 9778505947 a prime number?
False
Is 24741025987 a prime number?
True
Is 66305008221 composite?
True
Is 14452532005 a composite number?
True
Is 6495920741 a composite number?
False
Is 38017875799 composite?
True
Is 5659544941 composite?
False
Is 3878274839 a prime number?
True
Is 13743793213 a composite number?
True
Is 79145270429 composite?
False
Is 22354055359 composite?
True
Is 1115405209 a composite number?
True
Is 1393024813 composite?
False
Is 43398908941 composite?
True
Is 14212115815 composite?
True
Is 726803393 composite?
True
Is 273402907 a prime number?
True
Is 38164628809 a composite number?
True
Is 218651054561 composite?
False
Is 3977039821 composite?
True
Is 3341699813 a composite number?
False
Is 67713193693 prime?
False
Is 96252257 prime?
False
Is 50366977 a prime number?
True
Is 47072563603 a prime number?
False
Is 1890562273 a prime number?
True
Is 1670365657 composite?
False
Is 8256306637 prime?
False
Is 14023669447 a prime number?
True
Is 6505643537 composite?
False
Is 1682257087 a composite number?
True
Is 7427412881 prime?
False
Is 2029568873 composite?
False
Is 325495363 prime?
True
Is 310552019 prime?
True
Is 51567194461 composite?
True
Is 15693017699 composite?
False
Is 1056792499 a prime number?
False
Is 20067443861 composite?
True
Is 1254021679 a composite number?
True
Is 54454487333 prime?
True
Is 94919509753 prime?
True
Is 79113311539 composite?
True
Is 292759823 a prime number?
True
Is 75819752551 a composite number?
False
Is 30843901411 prime?
True
Is 288085313 a prime number?
True
Is 37689457733 a composite number?
False
Is 1349307101 composite?
False
Is 296828353 prime?
True
Is 650076871 a composite number?
False
Is 103299153653 composite?
True
Is 128483759 a prime number?
False
Is 2214798527 a composite number?
True
Is 1072672621 a composite number?
True
Is 2334328649 prime?
False
Is 2238612059 a prime number?
True
Is 1902950627 composite?
False
Is 722995553 prime?
False
Is 2380365811 prime?
False
Is 117411239971 a prime number?
True
Is 44989918541 composite?
False
Is 1698871753 composite?
False
Is 229587383 a prime number?
True
Is 20528456651 composite?
False
Is 1920736491 prime?
False
Is 42362907913 prime?
True
Is 2806797289 a composite number?
True
Is 8127506089 composite?
False
Is 6045710519 prime?
False
Is 13796146037 prime?
True
Is 1501777877 prime?
True
Is 23039025637 a prime number?
False
Is 2815331249 a prime number?
False
Is 13225181537 prime?
False
Is 409920199 a composite number?
True
Is 3717176951 prime?
False
Is 20159316473 a prime number?
False
Is 509543327 a prime number?
True
Is 983541707 composite?
True
Is 693694049 prime?
True
Is 10184604659 a prime number?
False
Is 653505577 composite?
False
Is 1066778381 composite?
True
Is 718659653 a composite number?
True
Is 12662169565 a composite number?
True
Is 190495343873 a composite number?
True
Is 1887438527 a prime number?
False
Is 68893979914 prime?
False
Is 437012048351 a composite number?
True
Is 5256234355 a composite number?
True
Is 519483553 a composite number?
False
Is 99871424999 a prime number?
False
Is 5213530609 prime?
False
Is 3414510751 a prime number?
False
Is 1434648419 a prime number?
True
Is 1830392869 prime?
False
Is 54577588063 prime?
False
Is 47953004017 prime?
False
Is 7979832227 a prime number?
False
Is 37604921729 a composite number?
True
Is 4779824347 a prime number?
False
Is 241188979 prime?
False
Is 73460465899 a composite number?
False
Is 377150461 a composite number?
False
Is 388343903 prime?
False
Is 3935408293 a composite number?
False
Is 22041320563 composite?
False
Is 6986824037 a prime number?
True
Is 30599339123 a composite number?
True
Is 44953171 composite?
False
Is 1308361099 a composite number?
False
Is 28216543661 a prime number?
True
Is 26129387509 prime?
False
Is 8607207467 a composite number?
False
Is 20276571967 a prime number?
True
Is 9638236129 prime?
False
Is 7858396069 a prime number?
False
Is 54407996917 a composite number?
True
Is 10563925247 composite?
False
Is 8226920251 prime?
False
Is 60886786677 composite?
True
Is 121798580209 a prime number?
False
Is 1265292053 prime?
True
Is 29548475963 a prime number?
False
Is 23968468367 a prime number?
True
Is 893691677 composite?
False
Is 477819673 prime?
False
Is 1187483383237 composite?
False
Is 35375297609 a prime number?
True
Is 24548725603 composite?
True
Is 5722248731 prime?
False
Is 2581805365 composite?
True
Is 1788533143 composite?
False
Is 23788895891 a prime number?
False
Is 999825187 a composite number?
False
Is 85338347 a prime number?
False
Is 7141504403 prime?
False
Is 1839666326 a prime number?
False
Is 10238667667 composi